pose 5*o = -2*r + 23128, -4*r - 15039 = -4*o + 3469. Let a = o + j. Is a a prime number?
True
Is 418/(-22) - -25 - (-110411 + -2) composite?
False
Suppose 266 + 1888 = v - 5*j, 5*v = 3*j + 10836. Suppose -12*d = -15771 - v. Let s = -486 + d. Is s prime?
True
Let a = 220084 - 152879. Is a prime?
False
Let d(r) = -37 + 4 + 26*r - 41*r. Let v be d(-14). Suppose -o + v + 154 = 0. Is o a prime number?
True
Let v be ((-15)/(-30))/((-2)/12). Let s be 14*v/18 + 2/6. Is (1574/(-4))/1*s a composite number?
False
Let x(w) = 32*w**2 - 35*w + 13. Suppose 89*z - 84*z = 60. Is x(z) prime?
True
Suppose -11424 = -13*g + 10*g. Suppose -12560 = -12*q + g. Suppose 2*w - 2*d = -2*w + 5526, 3*d - q = -w. Is w a composite number?
True
Suppose k - 3*a = 222792, -350*k = -353*k + 4*a + 668341. Is k a composite number?
True
Let c = -37549 - -212076. Is c a prime number?
True
Is (2/12 - (-397356)/72)/1 composite?
False
Let n be -1 - -3 - 180/90. Suppose v + 1928 = o, n = o - 159*v + 154*v - 1916. Is o a composite number?
False
Let v(a) = 101632*a**2 + 647*a + 648. Is v(-1) a prime number?
False
Let t = 2291385 + -205712. Is t a prime number?
True
Let q = -38714 + 84511. Is q prime?
False
Suppose -5*j - 4*o + 2070057 = 0, 52*j - 3*o + 1242033 = 55*j. Is j a composite number?
False
Let m = -349628 - -514451. Is m a composite number?
True
Suppose -2*r - 592650 = -2*w - 5510376, r - 2458855 = 3*w. Is r prime?
True
Suppose 2*k + 5*l - 49 = 0, 2*l = -l - 3. Suppose 12*q = k*q - 4755. Is q a prime number?
True
Let x(p) = 9690*p - 281. Is x(2) prime?
False
Suppose -4*h + 14*h = 90. Let v(d) = 286*d + 25. Let u(l) = -l - 1. Let f(z) = -u(z) + v(z). Is f(h) composite?
False
Suppose 5*f + 72929 = -n, -9 + 29 = -5*n. Let v = -8391 - f. Suppose v = 10*o + 1144. Is o a composite number?
True
Suppose -h + 764740 = 5*b, -12*b = 2*h - 15*b - 1529467. Is h a prime number?
False
Suppose 0 = -3*x + 230 + 280. Suppose 194 = 171*t - x*t. Is t a composite number?
True
Suppose 78*g - 82*g - 233468 = 0. Let q = -15052 - g. Is q a composite number?
True
Let f = -73 - -22. Let j = -47 - f. Suppose 0*u = j*o - u - 5035, -5*o - 3*u + 6298 = 0. Is o a prime number?
True
Is (-51)/34*((-2)/9 + (-7437024)/81) composite?
False
Let b(i) = 277*i - 7*i**2 + 25 + i**3 - 3*i**3 - 286*i. Is b(-9) a composite number?
False
Suppose 4*t + 249233 - 122385 = 735340. Is t prime?
True
Suppose 89*d - 16428280 = d. Is d composite?
True
Let x = -59420 + 174475. Is x a composite number?
True
Suppose -16*q = 119195 - 8923. Is (q/5*(-25)/10)/2 a prime number?
True
Let u(o) = -10*o + 2. Let p be u(5). Let i be 3/(54/p)*1017/(-4). Suppose i + 9 = t. Is t composite?
True
Let t be (-68)/(-18) - 24/(-108). Suppose o = -t*f + 5*f - 20, 0 = -4*f - 2*o + 50. Suppose -301 = -4*k - 5*g, -g - f = 4*g. Is k a prime number?
True
Let m(b) = b**3 + 98*b**2 - 140*b - 1046. Is m(-99) composite?
True
Let u(a) = 157*a - 1. Let n be u(-2). Suppose -i + 0*i + 730 = 0. Let h = i + n. Is h composite?
True
Let s(c) = -c**2 - 5*c - 90. Let j be s(0). Let z be 2/(-1 + (-85)/j). Is (-3)/(z/38264)*(-6)/(-4) composite?
False
Let k(o) = -5 - 76*o - 17*o - 6*o. Let r be k(-2). Let q = -38 + r. Is q a composite number?
True
Suppose -70598 = 9*j - 20*j. Let d = j + -4449. Is d composite?
True
Suppose -2*s + 3*r + 4645347 = 0, -2*s + 9*r + 4645332 = 11*r. Is s a composite number?
True
Suppose 4*c - 27388 = -4*a, 8*a + 34205 = 5*c + 3*a. Is c/4 + (1 - (0 + 1)) a composite number?
True
Let q = 257035 + -41024. Is q prime?
False
Let h = 478842 + -291505. Is h a prime number?
True
Suppose 15 = -5*u, -72*o + 67*o = 5*u - 179800. Is o a prime number?
True
Let m = -227635 - -387782. Suppose 23*g - m + 27920 = 0. Is g a composite number?
False
Suppose 5*i = -3*a - 222 + 1034, 12 = 3*a. Suppose -4*k - i = 156. Let v = 144 - k. Is v a composite number?
False
Let b = 49200 + -28596. Suppose -4976 = 4*f - b. Is f prime?
True
Let a(f) = -2236*f**3 + 6*f + 13. Is a(-4) a composite number?
False
Let d(y) = 2*y + 29. Let s be d(0). Let i(x) = 149*x - s - 10 - 9. Is i(9) a prime number?
False
Let g(c) = 19*c**2 - c + 3. Let b be g(-2). Let z = 60 - b. Let s(u) = -u**3 - 19*u**2 + 7*u + 50. Is s(z) composite?
True
Suppose 31897 = -4*k + 2*q + 153283, 3*k + 4*q - 91034 = 0. Suppose -k = -26*z + 246216. Is z prime?
False
Let j = -180 - -267. Suppose 4*n + j = 319. Is n a prime number?
False
Suppose -2*o = -c + 1, 1 = o - c + 3. Is 3302*(9/2 + -4)/o a composite number?
True
Let c(y) = -y**2 - 26*y - 27. Let n be c(-34). Let z = 3530 - n. Is z composite?
True
Suppose 10816 = -w + 5*w. Suppose -4*x - w = -5*x - h, 0 = -2*x + h + 5396. Suppose -5*g - 5*n = -x, 4718 - 2016 = 5*g + 3*n. Is g composite?
False
Suppose 3*x = 5*b - 19, 5*x - 4*b - 4 + 53 = 0. Let h(z) = -z**3 - 9*z**2 + 22*z + 29. Is h(x) prime?
True
Suppose 42 = 8*h - h. Is 678 + -7 + h + 6/3 composite?
True
Let d = 18415 - 7736. Is d prime?
False
Let q = -197418 - -415283. Is q a composite number?
True
Let x = -34096 + 88713. Is x composite?
False
Suppose -4*j + 3*c = -8 - 17, 2*j + 3*c - 35 = 0. Suppose -369 + 39 = -j*y. Is -92*(1 + y/(-12)) a prime number?
False
Let q(l) = 17*l**2 - 2202*l + 950. Is q(-201) a composite number?
False
Let r = -1 + -59. Let g = 497 - r. Is g a composite number?
False
Let g(w) = 152*w - 295*w - w**2 + 24 + 5*w**2 + 124*w. Is g(11) a prime number?
False
Let m = 495265 - 247928. Is m a prime number?
True
Suppose -22 = -14*a + 20. Suppose -2*o - 2844 = -4*i, 12*o = -a*i + 8*o + 2155. Is i a prime number?
False
Let s be 524150/(-65) + 1/(52/(-8)). Let p = s - -20263. Is p a composite number?
True
Suppose -4*b + 5*j - 207 - 144 = 0, 2*b - 3*j = -173. Let t = b + 97. Suppose -t*v + 7*v = -2*p + 2142, 4*p - 4287 = -5*v. Is p a composite number?
True
Let r(k) = -k**3 + 5*k**2 + 7*k - 30. Let j be r(5). Suppose -305 = -j*i + 20670. Is (i/(-20))/(1/(-8)) prime?
False
Let j(c) = c**3 - 10*c**2 - 2*c + 23. Let t be j(10). Suppose -4026 = -w + a, -22516 = -5*w - t*a - 2402. Suppose -6*y = -2*y - w. Is y a prime number?
False
Suppose 4*r - 3*a + 21 + 25 = 0, 4*r = -a - 38. Let f be (4/r)/(1/(-5)). Is f/(6/393) + 2 prime?
False
Suppose 4*o = s - 16076, s = -o + 24322 - 8271. Suppose -1800 - s = -18*r. Let t = r - 343. Is t composite?
True
Let t = 13301 + -7009. Let s = 177 + t. Is s a composite number?
False
Is 44/4 - -105720 - -2 composite?
False
Let d(u) be the third derivative of 7/12*u**4 + 0*u + 0 + 11/30*u**5 - 9*u**2 - 1/6*u**3 - 1/120*u**6. Is d(22) composite?
False
Let d(w) = 23*w - 185. Let g be d(8). Is 4/g - 378/4*-50 composite?
False
Let a = 168 - 360. Let y = 179 - a. Is y prime?
False
Let a = 204 - 196. Suppose a*n = 4389 - 173. Is n a composite number?
True
Let m(i) = -858*i**3 + 16*i**2 + 21*i + 11. Is m(-6) a prime number?
True
Let b(w) = 34*w**2 - 8*w + 10. Let c be b(6). Let s = -704 + c. Is s prime?
False
Suppose r - 2*w - 2*w - 1208 = 0, 2*w - 5930 = -5*r. Let p = 1027 + r. Is p a composite number?
True
Suppose -5*z + 3*d = -366398, -4*z = 13*d - 15*d - 293118. Is z a prime number?
False
Let n(r) = 153*r**2 - 6*r + 29. Let t be n(-7). Suppose 0 = 4*d + 5*w - t + 2312, -5272 = -4*d - w. Is d a prime number?
True
Suppose f + 2*h - 23195 = 0, -5*f - 5*h = 74767 - 190712. Is f a prime number?
False
Suppose -5*b = -3*x - 89527, 2*x = 2*b - 20500 - 15314. Is b a composite number?
False
Let i be (48896/(-96))/(4/(-18)). Suppose -x = -4*r + 5433, 0 = 4*r + 2*x - i - 3126. Is r composite?
True
Suppose 4*p - 5912 = 2*p. Suppose 0*w = -5*w - 2*y + 4927, y = -3*w + p. Is w a composite number?
True
Let p(g) = g**2 - 2*g + 3. Let u be p(0). Suppose d = -2*t - 5 + u, t - 5 = d. Is d/(-16) - (-80610)/24 a composite number?
False
Let x(f) = -532*f**3 + 3*f**2 + 9*f + 10. Let g be x(6). Is (2/8)/((-458965)/g + -4) a composite number?
False
Suppose -2*i - 3*w = -18, 2*i - 5*i - 11 = -5*w. Suppose 15884 = i*q + 353. Is q composite?
True
Let s be -2 - (-1 + 4 + -9). Suppose -8*c = -4*c - s, 0 = -5*r - 4*c - 86. Is (-7474)/r + (8/9)/(-4) composite?
True
Suppose -4*v - 396 = -4*t, 5*t - t + 5*v = 405. Let n be (3/(-12))/(3/(-60)). Suppose -685 = -n*o + t. Is o a composite number?
False
Suppose 45 = 13*h - 4*h. Suppose -5*y + 10 = h. Is 1123/(-2 - (y - 4)) a composite number?
False
Let b = -10047